{"id":95,"date":"2020-08-15T23:09:56","date_gmt":"2020-08-15T21:09:56","guid":{"rendered":"http:\/\/zadebielogisticscenter.com\/NEW\/?page_id=95"},"modified":"2020-08-15T23:23:03","modified_gmt":"2020-08-15T21:23:03","slug":"hala-2","status":"publish","type":"page","link":"http:\/\/zadebielogisticscenter.com\/NEW\/hala-2\/","title":{"rendered":"Hala 2"},"content":{"rendered":"<p>Obiekt po\u0142o\u017cony jest w Lublinie przy ul.Zad\u0119bie 65, dojazd mo\u017cliwy jest od strony ul.Turystycznej, jak r\u00f3wnie\u017c od ul.Me\u0142giewskiej, posiada bezpo\u015bredni dost\u0119p do dw\u00f3ch w\u0119z\u0142\u00f3w komunikacyjnych zlokalizowanych na obwodnicy Lublina. Bardzo dobra lokalizacja na siedzib\u0119 firmy dystrybucyjnej czy hurtowni, a tak\u017ce przedsi\u0119biorstw produkcyjnych.<\/p>\r\n<!-- \/wp:paragraph -->\r\n\r\n<!-- wp:paragraph -->\r\n<p>Hala Magazynowo- Us\u0142ugowo- Produkcyjna to powierzchnia dost\u0119pna w ca\u0142o\u015bci 1850 m2 lub w dowolnych modu\u0142ach, wymiary: 73 m d\u0142ugo\u015bci i 24 m szeroko\u015bci:<\/p>\r\n<!-- \/wp:paragraph -->\r\n\r\n<!-- wp:list -->\r\n<ul>\r\n<li>magazyn wysokiego sk\u0142adowania &#8211; wysoko\u015b\u0107 hali pod d\u017awigarami 8,5 m, bardzo dobrze do\u015bwietlony \u015bwiat\u0142em dziennym, dodatkowo \u015bwietliki w dachu;<\/li>\r\n<li>posadzka przemys\u0142owa, niepylna;<\/li>\r\n<li>dost\u0119p do magazynu z poziomu &#8220;0&#8221; &#8211; cztery automatyczne bramy (4,6 m na 4,2 m) i sze\u015b\u0107 dok\u00f3w prze\u0142adunkowych (2 m na 3 m)<\/li>\r\n<li>zaplecze socjalne na terenie hali (szatnia dla pracownik\u00f3w, WC i prysznic, kot\u0142ownia);<\/li>\r\n<li>budynek energoooszcz\u0119dny- pokrycie hali: p\u0142yta dwuwarstwowa- poliuretan 12cm,docieplenie \u015bcian &#8211; styropian 15cm, nagrzewnice<\/li>\r\n<li>przed magazynem du\u017cy plac manewrowy.<\/li>\r\n<li>zintegrowana kontrola dost\u0119pu<\/li>\r\n<li>system czujek przeciwpo\u017carowych<\/li>\r\n<li>wideomonitoring w czasie rzeczywistym<\/li>\r\n<li>przed magazynem du\u017cy plac manewrowy.<!-- \/wp:list -->\r\n\r\n<!-- wp:paragraph --><\/li>\r\n<\/ul>\r\n<!-- \/wp:list -->\r\n\r\n<!-- wp:paragraph -->\r\n<p>Budynek Biurowy to:<\/p>\r\n<!-- \/wp:paragraph -->\r\n\r\n<!-- wp:list -->\r\n<ul>\r\n<li>powierzchnia ca\u0142kowita 300 m2 , 2 kondygnacje po 150 m2 (10 m na 15 m)<\/li>\r\n<li>wysoki standard wyko\u0144czeniowy (A+),<\/li>\r\n<li>na parterze 2 pomieszczenia biurowe, kuchnia i 2 WC,<\/li>\r\n<li>na I pi\u0119trze 2 pomieszczenia biurowe, WC<\/li>\r\n<li>energooszcz\u0119dne system ogrzewania pod\u0142ogowego, centralna klimatyzacja oraz mechaniczna wentylacja<\/li>\r\n<li>o\u015bwietlenie LED<\/li>\r\n<li>wideomonitoring, podgl\u0105d w czasie rzeczywistym<\/li>\r\n<li>zintegrowana, inteligentna kontrola dost\u0119pu do budynku<\/li>\r\n<li>technologia \u015bwiat\u0142owodowa<\/li>\r\n<\/ul>","protected":false},"excerpt":{"rendered":"<p>Obiekt po\u0142o\u017cony jest w Lublinie przy ul.Zad\u0119bie 65, dojazd mo\u017cliwy jest od strony ul.Turystycznej, jak r\u00f3wnie\u017c od ul.Me\u0142giewskiej, posiada bezpo\u015bredni dost\u0119p do dw\u00f3ch w\u0119z\u0142\u00f3w komunikacyjnych zlokalizowanych na obwodnicy Lublina. Bardzo dobra lokalizacja na siedzib\u0119 firmy dystrybucyjnej czy hurtowni, a tak\u017ce przedsi\u0119biorstw produkcyjnych. Hala Magazynowo- Us\u0142ugowo- Produkcyjna to powierzchnia dost\u0119pna w ca\u0142o\u015bci 1850 m2 lub w dowolnych modu\u0142ach, wymiary: 73 m d\u0142ugo\u015bci i 24 m szeroko\u015bci: magazyn wysokiego sk\u0142adowania &#8211; wysoko\u015b\u0107 hali pod d\u017awigarami 8,5 m, bardzo dobrze do\u015bwietlony \u015bwiat\u0142em dziennym, dodatkowo \u015bwietliki w dachu; posadzka przemys\u0142owa, niepylna; dost\u0119p do magazynu z poziomu &#8220;0&#8221; &#8211; cztery automatyczne bramy (4,6 m na 4,2 m) i sze\u015b\u0107 dok\u00f3w prze\u0142adunkowych (2 m na 3 m) zaplecze socjalne na terenie hali (szatnia dla pracownik\u00f3w, WC i prysznic, kot\u0142ownia); budynek energoooszcz\u0119dny- pokrycie hali: p\u0142yta dwuwarstwowa- poliuretan 12cm,docieplenie \u015bcian &#8211; styropian 15cm, nagrzewnice przed magazynem du\u017cy plac manewrowy. zintegrowana kontrola dost\u0119pu system czujek przeciwpo\u017carowych wideomonitoring w czasie rzeczywistym przed magazynem du\u017cy plac manewrowy. Budynek Biurowy to: powierzchnia ca\u0142kowita 300 m2 , 2 kondygnacje po 150 m2 (10 m na 15 m) wysoki standard wyko\u0144czeniowy (A+), na parterze 2 pomieszczenia biurowe, kuchnia i 2 WC, na I pi\u0119trze 2 pomieszczenia biurowe, WC energooszcz\u0119dne system ogrzewania pod\u0142ogowego, centralna klimatyzacja oraz mechaniczna wentylacja o\u015bwietlenie LED wideomonitoring, podgl\u0105d w czasie rzeczywistym zintegrowana, inteligentna kontrola dost\u0119pu do budynku technologia \u015bwiat\u0142owodowa<\/p>\n","protected":false},"author":1,"featured_media":0,"parent":0,"menu_order":0,"comment_status":"closed","ping_status":"closed","template":"","meta":[],"_links":{"self":[{"href":"http:\/\/zadebielogisticscenter.com\/NEW\/wp-json\/wp\/v2\/pages\/95"}],"collection":[{"href":"http:\/\/zadebielogisticscenter.com\/NEW\/wp-json\/wp\/v2\/pages"}],"about":[{"href":"http:\/\/zadebielogisticscenter.com\/NEW\/wp-json\/wp\/v2\/types\/page"}],"author":[{"embeddable":true,"href":"http:\/\/zadebielogisticscenter.com\/NEW\/wp-json\/wp\/v2\/users\/1"}],"replies":[{"embeddable":true,"href":"http:\/\/zadebielogisticscenter.com\/NEW\/wp-json\/wp\/v2\/comments?post=95"}],"version-history":[{"count":3,"href":"http:\/\/zadebielogisticscenter.com\/NEW\/wp-json\/wp\/v2\/pages\/95\/revisions"}],"predecessor-version":[{"id":101,"href":"http:\/\/zadebielogisticscenter.com\/NEW\/wp-json\/wp\/v2\/pages\/95\/revisions\/101"}],"wp:attachment":[{"href":"http:\/\/zadebielogisticscenter.com\/NEW\/wp-json\/wp\/v2\/media?parent=95"}],"curies":[{"name":"wp","href":"https:\/\/api.w.org\/{rel}","templated":true}]}}